{"id":4866,"date":"2021-01-01T16:40:49","date_gmt":"2021-01-01T16:40:49","guid":{"rendered":"https:\/\/germanmarcano.com\/germansite\/?page_id=4866"},"modified":"2021-01-02T17:04:47","modified_gmt":"2021-01-02T17:04:47","slug":"juicios-criticos","status":"publish","type":"page","link":"https:\/\/germanmarcano.com\/germansite\/juicios-criticos\/","title":{"rendered":"Juicios Cr\u00edticos"},"content":{"rendered":"<section class=\"kc-elm kc-css-185309 kc_row\"><div class=\"kc-row-container  kc-container\"><div class=\"kc-wrap-columns\"><div class=\"kc-elm kc-css-853860 kc_col-sm-12 kc_column kc_col-sm-12\"><div class=\"kc-col-container\"><div class=\"kc-elm kc_text_block\"><\/p>\n<p>\u2026Here is a gifted instrumentalist who possesses the ability to become a cellist of the highest order. \u2026The cadenza of the first movement was brilliantly played and his emotive rendering of the Adagio was compelling\u2026<\/p>\n<\/p>\n<p class=\"has-text-align-right\"><em>The Chronicle, Reading, Inglaterra 30-5-1980<\/em><\/p>\n<\/p>\n<p>\u2026here we had a cello placer of quite remarkable talents. The exactitude of his string work was to be wondered at, especially the clarity of cross strings, not a scratch in the wrong place, and the sleeping bow brought strong sleeping cadentes of romance or again bright rapidity of phrases which stirred our emocional personalities\u2026There is not much doubt this young man is going to be a great cello artistin the not too distant future\u2026<\/p>\n<\/p>\n<p class=\"has-text-align-right\"><em>The Chronicle, Reading, Inglaterra 25-6-1980<\/em><\/p>\n<\/p>\n<p>\u2026 Marcano \u2026 dio una muestra casi sobrecogedora del dominio y sentido l\u00edrico que tiene de su instrumento. Desde la misma vena introductoria hasta el sutil arco tendido que precedi\u00f3 a la cadenza final, desde la pulcritud de los staccati en el primer tema hasta las intrincadas figuraciones que hilvanan el \u00faltimo movimiento, desde la serena nostalgia de los temas l\u00edricos hasta el abandono del singular adagio, todo fue un monumento de sobriedad y sentido convencimiento de lo que se hac\u00eda. Notable interpretaci\u00f3n.<\/p>\n<\/p>\n<p class=\"has-text-align-right\"><em>El Nacional, Caracas 8-2-96<\/em><\/p>\n<\/p>\n<p>\u2026El sonido oscuramente mordente del cello de Germ\u00e1n Marcano\u2026impuso desde un primer momento la impetuosa pasi\u00f3n que signar\u00eda la ejecuci\u00f3n\u2026<\/p>\n<\/p>\n<p class=\"has-text-align-right\"><em>El Nacional, Caracas, 27-6-96<\/em><\/p>\n<\/p>\n<p>\u2026el joven cellista venezolano Germ\u00e1n Marcano, m\u00fasico talentoso y sensible, cuya magn\u00edfica t\u00e9cnica, sonido hermoso y c\u00e1lido aun\u00f3 en la citada obra de Schostakovich, que matiz\u00f3 con presici\u00f3n y elocuente refinamiento po\u00e9tico.<\/p>\n<\/p>\n<p class=\"has-text-align-right\"><em>El Mundo, Caracas, 7-10-86<\/em><\/p><\/p>\n<\/div><\/div><\/div><\/div><\/div><\/section>","protected":false},"excerpt":{"rendered":"","protected":false},"author":1,"featured_media":0,"parent":0,"menu_order":0,"comment_status":"closed","ping_status":"closed","template":"template-full-width.php","meta":{"nf_dc_page":"","om_disable_all_campaigns":false,"_monsterinsights_skip_tracking":false,"_monsterinsights_sitenote_active":false,"_monsterinsights_sitenote_note":"","_monsterinsights_sitenote_category":0,"footnotes":""},"class_list":["post-4866","page","type-page","status-publish","hentry"],"jetpack_sharing_enabled":true,"_links":{"self":[{"href":"https:\/\/germanmarcano.com\/germansite\/wp-json\/wp\/v2\/pages\/4866","targetHints":{"allow":["GET"]}}],"collection":[{"href":"https:\/\/germanmarcano.com\/germansite\/wp-json\/wp\/v2\/pages"}],"about":[{"href":"https:\/\/germanmarcano.com\/germansite\/wp-json\/wp\/v2\/types\/page"}],"author":[{"embeddable":true,"href":"https:\/\/germanmarcano.com\/germansite\/wp-json\/wp\/v2\/users\/1"}],"replies":[{"embeddable":true,"href":"https:\/\/germanmarcano.com\/germansite\/wp-json\/wp\/v2\/comments?post=4866"}],"version-history":[{"count":3,"href":"https:\/\/germanmarcano.com\/germansite\/wp-json\/wp\/v2\/pages\/4866\/revisions"}],"predecessor-version":[{"id":5180,"href":"https:\/\/germanmarcano.com\/germansite\/wp-json\/wp\/v2\/pages\/4866\/revisions\/5180"}],"wp:attachment":[{"href":"https:\/\/germanmarcano.com\/germansite\/wp-json\/wp\/v2\/media?parent=4866"}],"curies":[{"name":"wp","href":"https:\/\/api.w.org\/{rel}","templated":true}]}}